{"id":6,"date":"2021-01-17T21:56:20","date_gmt":"2021-01-17T21:56:20","guid":{"rendered":"http:\/\/www.route66-koeln.com\/66\/?page_id=6"},"modified":"2022-10-17T10:23:30","modified_gmt":"2022-10-17T10:23:30","slug":"ueber-uns-2","status":"publish","type":"page","link":"https:\/\/www.route66-koeln.com\/66\/ueber-uns-2\/","title":{"rendered":"\u00dcber uns"},"content":{"rendered":"\t\t<div data-elementor-type=\"wp-page\" data-elementor-id=\"6\" class=\"elementor elementor-6\" data-elementor-settings=\"[]\">\n\t\t\t\t\t\t<div class=\"elementor-inner\">\n\t\t\t\t\t\t\t<div class=\"elementor-section-wrap\">\n\t\t\t\t\t\t\t<section class=\"elementor-section elementor-top-section elementor-element elementor-element-0880dc4 elementor-section-boxed elementor-section-height-default elementor-section-height-default\" data-id=\"0880dc4\" data-element_type=\"section\">\n\t\t\t\t\t\t<div class=\"elementor-container elementor-column-gap-default\">\n\t\t\t\t\t\t\t<div class=\"elementor-row\">\n\t\t\t\t\t<div class=\"elementor-column elementor-col-100 elementor-top-column elementor-element elementor-element-6667a42\" data-id=\"6667a42\" data-element_type=\"column\">\n\t\t\t<div class=\"elementor-column-wrap elementor-element-populated\">\n\t\t\t\t\t\t\t<div class=\"elementor-widget-wrap\">\n\t\t\t\t\t\t<div class=\"elementor-element elementor-element-72c2ca4 elementor-widget elementor-widget-spacer\" data-id=\"72c2ca4\" data-element_type=\"widget\" data-widget_type=\"spacer.default\">\n\t\t\t\t<div class=\"elementor-widget-container\">\n\t\t\t\t\t<div class=\"elementor-spacer\">\n\t\t\t<div class=\"elementor-spacer-inner\"><\/div>\n\t\t<\/div>\n\t\t\t\t<\/div>\n\t\t\t\t<\/div>\n\t\t\t\t<div class=\"elementor-element elementor-element-249193a elementor-widget elementor-widget-heading\" data-id=\"249193a\" data-element_type=\"widget\" data-widget_type=\"heading.default\">\n\t\t\t\t<div class=\"elementor-widget-container\">\n\t\t\t<h2 class=\"elementor-heading-title elementor-size-medium\">\u00dcber uns<\/h2>\t\t<\/div>\n\t\t\t\t<\/div>\n\t\t\t\t<div class=\"elementor-element elementor-element-c3a07e2 elementor-widget elementor-widget-text-editor\" data-id=\"c3a07e2\" data-element_type=\"widget\" data-widget_type=\"text-editor.default\">\n\t\t\t\t<div class=\"elementor-widget-container\">\n\t\t\t\t\t\t\t\t<div class=\"elementor-text-editor elementor-clearfix\">\n\t\t\t\t\t<p align=\"justify\">Neben dem An- und Verkauf von Kraftfahrzeugen aller Art, sind wir zudem kompetenter Partner im Bereich US-Fahrzeuge und Exoten. Wir als Gro\u00df- und Einzelh\u00e4ndler bieten eine st\u00e4ndige Auswahl von Fahrzeugen wie Corvette, Cadillac, Chevrolet, Dodge, BMW, Audi, Mercedes, Porsche, Harley Davidson, Maserati, Ferrari uvm. f\u00fcr unsere Kunden an.<\/p><p align=\"justify\">Unsere 35-j\u00e4hrige Erfahrung, herausragende Branchenkenntnis und Wissen auf diesem Gebiet, garantiert Ihnen eine professionelle Abwicklung, kompetente Beratung und hohe Qualit\u00e4t.<\/p><p align=\"justify\">Lassen Sie sich von unseren zahlreichen Angeboten faszinieren.<\/p><p align=\"justify\"><b>Unsere Dienstleistungen:<\/b><br \/>\u2022 An- und Verkauf aller Fabrikate<br \/>\u2022 Finanzierung und Leasing<br \/>\u2022 car Garantie<br \/>\u2022 Tuning und car-styling<br \/>\u2022 Vermietung f\u00fcr Film &amp; Foto<\/p>\t\t\t\t\t<\/div>\n\t\t\t\t\t\t<\/div>\n\t\t\t\t<\/div>\n\t\t\t\t<div class=\"elementor-element elementor-element-cbb99ae elementor-widget elementor-widget-spacer\" data-id=\"cbb99ae\" data-element_type=\"widget\" data-widget_type=\"spacer.default\">\n\t\t\t\t<div class=\"elementor-widget-container\">\n\t\t\t\t\t<div class=\"elementor-spacer\">\n\t\t\t<div class=\"elementor-spacer-inner\"><\/div>\n\t\t<\/div>\n\t\t\t\t<\/div>\n\t\t\t\t<\/div>\n\t\t\t\t\t\t<\/div>\n\t\t\t\t\t<\/div>\n\t\t<\/div>\n\t\t\t\t\t\t\t\t<\/div>\n\t\t\t\t\t<\/div>\n\t\t<\/section>\n\t\t\t\t<section class=\"elementor-section elementor-top-section elementor-element elementor-element-40067c4 elementor-section-boxed elementor-section-height-default elementor-section-height-default\" data-id=\"40067c4\" data-element_type=\"section\">\n\t\t\t\t\t\t<div class=\"elementor-container elementor-column-gap-default\">\n\t\t\t\t\t\t\t<div class=\"elementor-row\">\n\t\t\t\t\t<div class=\"elementor-column elementor-col-50 elementor-top-column elementor-element elementor-element-79dc593\" data-id=\"79dc593\" data-element_type=\"column\">\n\t\t\t<div class=\"elementor-column-wrap elementor-element-populated\">\n\t\t\t\t\t\t\t<div class=\"elementor-widget-wrap\">\n\t\t\t\t\t\t<div class=\"elementor-element elementor-element-6341cba elementor-widget elementor-widget-image\" data-id=\"6341cba\" data-element_type=\"widget\" data-widget_type=\"image.default\">\n\t\t\t\t<div class=\"elementor-widget-container\">\n\t\t\t\t\t\t\t\t<div class=\"elementor-image\">\n\t\t\t\t\t\t\t\t\t\t\t\t<img loading=\"lazy\" decoding=\"async\" width=\"1024\" height=\"658\" src=\"https:\/\/www.route66-koeln.com\/66\/wp-content\/uploads\/2021\/03\/IMG_0001-1024x658.jpg\" class=\"attachment-large size-large\" alt=\"\" srcset=\"https:\/\/www.route66-koeln.com\/66\/wp-content\/uploads\/2021\/03\/IMG_0001-1024x658.jpg 1024w, https:\/\/www.route66-koeln.com\/66\/wp-content\/uploads\/2021\/03\/IMG_0001-300x193.jpg 300w, https:\/\/www.route66-koeln.com\/66\/wp-content\/uploads\/2021\/03\/IMG_0001-768x494.jpg 768w, https:\/\/www.route66-koeln.com\/66\/wp-content\/uploads\/2021\/03\/IMG_0001-1536x987.jpg 1536w, https:\/\/www.route66-koeln.com\/66\/wp-content\/uploads\/2021\/03\/IMG_0001.jpg 1867w\" sizes=\"auto, (max-width: 1024px) 100vw, 1024px\" \/>\t\t\t\t\t\t\t\t\t\t\t\t\t\t<\/div>\n\t\t\t\t\t\t<\/div>\n\t\t\t\t<\/div>\n\t\t\t\t<div class=\"elementor-element elementor-element-424bddb elementor-widget elementor-widget-image\" data-id=\"424bddb\" data-element_type=\"widget\" data-widget_type=\"image.default\">\n\t\t\t\t<div class=\"elementor-widget-container\">\n\t\t\t\t\t\t\t\t<div class=\"elementor-image\">\n\t\t\t\t\t\t\t\t\t\t\t\t<img loading=\"lazy\" decoding=\"async\" width=\"1024\" height=\"658\" src=\"https:\/\/www.route66-koeln.com\/66\/wp-content\/uploads\/2021\/03\/IMG_0040-1-1024x658.jpg\" class=\"attachment-large size-large\" alt=\"\" srcset=\"https:\/\/www.route66-koeln.com\/66\/wp-content\/uploads\/2021\/03\/IMG_0040-1-1024x658.jpg 1024w, https:\/\/www.route66-koeln.com\/66\/wp-content\/uploads\/2021\/03\/IMG_0040-1-300x193.jpg 300w, https:\/\/www.route66-koeln.com\/66\/wp-content\/uploads\/2021\/03\/IMG_0040-1-768x494.jpg 768w, https:\/\/www.route66-koeln.com\/66\/wp-content\/uploads\/2021\/03\/IMG_0040-1-1536x987.jpg 1536w, https:\/\/www.route66-koeln.com\/66\/wp-content\/uploads\/2021\/03\/IMG_0040-1.jpg 1867w\" sizes=\"auto, (max-width: 1024px) 100vw, 1024px\" \/>\t\t\t\t\t\t\t\t\t\t\t\t\t\t<\/div>\n\t\t\t\t\t\t<\/div>\n\t\t\t\t<\/div>\n\t\t\t\t\t\t<\/div>\n\t\t\t\t\t<\/div>\n\t\t<\/div>\n\t\t\t\t<div class=\"elementor-column elementor-col-50 elementor-top-column elementor-element elementor-element-cd9cb9e\" data-id=\"cd9cb9e\" data-element_type=\"column\">\n\t\t\t<div class=\"elementor-column-wrap elementor-element-populated\">\n\t\t\t\t\t\t\t<div class=\"elementor-widget-wrap\">\n\t\t\t\t\t\t<div class=\"elementor-element elementor-element-ebe851f elementor-widget elementor-widget-image\" data-id=\"ebe851f\" data-element_type=\"widget\" data-widget_type=\"image.default\">\n\t\t\t\t<div class=\"elementor-widget-container\">\n\t\t\t\t\t\t\t\t<div class=\"elementor-image\">\n\t\t\t\t\t\t\t\t\t\t\t\t<img loading=\"lazy\" decoding=\"async\" width=\"1024\" height=\"658\" src=\"https:\/\/www.route66-koeln.com\/66\/wp-content\/uploads\/2021\/01\/uns04-1024x658.jpg\" class=\"attachment-large size-large\" alt=\"\" srcset=\"https:\/\/www.route66-koeln.com\/66\/wp-content\/uploads\/2021\/01\/uns04-1024x658.jpg 1024w, https:\/\/www.route66-koeln.com\/66\/wp-content\/uploads\/2021\/01\/uns04-300x193.jpg 300w, https:\/\/www.route66-koeln.com\/66\/wp-content\/uploads\/2021\/01\/uns04-768x494.jpg 768w, https:\/\/www.route66-koeln.com\/66\/wp-content\/uploads\/2021\/01\/uns04.jpg 1400w\" sizes=\"auto, (max-width: 1024px) 100vw, 1024px\" \/>\t\t\t\t\t\t\t\t\t\t\t\t\t\t<\/div>\n\t\t\t\t\t\t<\/div>\n\t\t\t\t<\/div>\n\t\t\t\t<div class=\"elementor-element elementor-element-74fb5a6 elementor-widget elementor-widget-image\" data-id=\"74fb5a6\" data-element_type=\"widget\" data-widget_type=\"image.default\">\n\t\t\t\t<div class=\"elementor-widget-container\">\n\t\t\t\t\t\t\t\t<div class=\"elementor-image\">\n\t\t\t\t\t\t\t\t\t\t\t\t<img loading=\"lazy\" decoding=\"async\" width=\"1024\" height=\"658\" src=\"https:\/\/www.route66-koeln.com\/66\/wp-content\/uploads\/2021\/01\/uns07-1-1024x658.jpg\" class=\"attachment-large size-large\" alt=\"\" srcset=\"https:\/\/www.route66-koeln.com\/66\/wp-content\/uploads\/2021\/01\/uns07-1-1024x658.jpg 1024w, https:\/\/www.route66-koeln.com\/66\/wp-content\/uploads\/2021\/01\/uns07-1-300x193.jpg 300w, https:\/\/www.route66-koeln.com\/66\/wp-content\/uploads\/2021\/01\/uns07-1-768x494.jpg 768w, https:\/\/www.route66-koeln.com\/66\/wp-content\/uploads\/2021\/01\/uns07-1.jpg 1400w\" sizes=\"auto, (max-width: 1024px) 100vw, 1024px\" \/>\t\t\t\t\t\t\t\t\t\t\t\t\t\t<\/div>\n\t\t\t\t\t\t<\/div>\n\t\t\t\t<\/div>\n\t\t\t\t\t\t<\/div>\n\t\t\t\t\t<\/div>\n\t\t<\/div>\n\t\t\t\t\t\t\t\t<\/div>\n\t\t\t\t\t<\/div>\n\t\t<\/section>\n\t\t\t\t\t\t<\/div>\n\t\t\t\t\t\t<\/div>\n\t\t\t\t\t<\/div>\n\t\t","protected":false},"excerpt":{"rendered":"<p>\u00dcber uns Neben dem An- und Verkauf von Kraftfahrzeugen aller Art, sind wir zudem kompetenter Partner im Bereich US-Fahrzeuge und Exoten. Wir als Gro\u00df- und Einzelh\u00e4ndler bieten eine st\u00e4ndige Auswahl von Fahrzeugen wie Corvette, Cadillac, Chevrolet, Dodge, BMW, Audi, Mercedes, Porsche, Harley Davidson, Maserati, Ferrari uvm. f\u00fcr unsere Kunden an. Unsere 35-j\u00e4hrige Erfahrung, herausragende Branchenkenntnis [&hellip;]<\/p>\n","protected":false},"author":1,"featured_media":0,"parent":0,"menu_order":0,"comment_status":"closed","ping_status":"closed","template":"elementor_header_footer","meta":{"footnotes":""},"class_list":["post-6","page","type-page","status-publish","hentry","entry"],"_links":{"self":[{"href":"https:\/\/www.route66-koeln.com\/66\/wp-json\/wp\/v2\/pages\/6","targetHints":{"allow":["GET"]}}],"collection":[{"href":"https:\/\/www.route66-koeln.com\/66\/wp-json\/wp\/v2\/pages"}],"about":[{"href":"https:\/\/www.route66-koeln.com\/66\/wp-json\/wp\/v2\/types\/page"}],"author":[{"embeddable":true,"href":"https:\/\/www.route66-koeln.com\/66\/wp-json\/wp\/v2\/users\/1"}],"replies":[{"embeddable":true,"href":"https:\/\/www.route66-koeln.com\/66\/wp-json\/wp\/v2\/comments?post=6"}],"version-history":[{"count":126,"href":"https:\/\/www.route66-koeln.com\/66\/wp-json\/wp\/v2\/pages\/6\/revisions"}],"predecessor-version":[{"id":1339,"href":"https:\/\/www.route66-koeln.com\/66\/wp-json\/wp\/v2\/pages\/6\/revisions\/1339"}],"wp:attachment":[{"href":"https:\/\/www.route66-koeln.com\/66\/wp-json\/wp\/v2\/media?parent=6"}],"curies":[{"name":"wp","href":"https:\/\/api.w.org\/{rel}","templated":true}]}}